 is the remainder when 4798914 is divided by 140?
134
Calculate the remainder when 302613 is divided by 4803.
24
Calculate the remainder when 125087983 is divided by 49.
48
Calculate the remainder when 117860695 is divided by 17994.
17989
What is the remainder when 75181761 is divided by 274?
271
What is the remainder when 1935377 is divided by 515?
7
Calculate the remainder when 1689040 is divided by 153531.
199
Calculate the remainder when 2144389 is divided by 1027.
13
What is the remainder when 73859 is divided by 24489?
392
What is the remainder when 6217556 is divided by 444110?
16
Calculate the remainder when 341621 is divided by 17047.
681
Calculate the remainder when 2891798 is divided by 38048.
150
What is the remainder when 11566182 is divided by 543?
282
What is the remainder when 22660512 is divided by 5463?
5451
What is the remainder when 15697376 is divided by 3968?
3936
Calculate the remainder when 54292099 is divided by 82.
63
What is the remainder when 268017 is divided by 67000?
17
Calculate the remainder when 28969286 is divided by 315.
311
Calculate the remainder when 2363249 is divided by 3030.
2879
Calculate the remainder when 4971866 is divided by 2485897.
72
Calculate the remainder when 19019 is divided by 17031.
1988
What is the remainder when 1993450 is divided by 3420?
3010
What is the remainder when 6149330 is divided by 762?
752
Calculate the remainder when 12169085 is divided by 811.
30
What is the remainder when 2501939 is divided by 647?
637
What is the remainder when 102662 is divided by 245?
7
Calculate the remainder when 13527348 is divided by 3.
0
Calculate the remainder when 62209 is divided by 2488.
9
What is the remainder when 555718812 is divided by 45?
42
Calculate the remainder when 15096676 is divided by 340.
336
Calculate the remainder when 1603074 is divided by 28124.
6
Calculate the remainder when 444072762 is divided by 190671.
3
Calculate the remainder when 5602376 is divided by 2085.
2066
What is the remainder when 137374306 is divided by 22?
14
Calculate the remainder when 20736987 is divided by 4660.
4647
Calculate the remainder when 77013 is divided by 396.
189
What is the remainder when 88220 is divided by 1141?
363
Calculate the remainder when 59744276 is divided by 31247.
12
Calculate the remainder when 14265605 is divided by 2853076.
225
Calculate the remainder when 561380 is divided by 280664.
52
What is the remainder when 55468 is divided by 27589?
290
What is the remainder when 12405381 is divided by 3861?
3849
Calculate the remainder when 9540 is divided by 4015.
1510
What is the remainder when 3486931 is divided by 11983?
11861
What is the remainder when 75646 is divided by 1493?
996
Calculate the remainder when 138898 is divided by 2619.
91
Calculate the remainder when 42760379 is divided by 657851.
64
What is the remainder when 13391046 is divided by 68672?
6
Calculate the remainder when 57023 is divided by 18852.
467
Calculate the remainder when 50038022 is divided by 17447.
26
What is the remainder when 12462822 is divided by 3459?
45
What is the remainder when 26857072 is divided by 87?
85
What is the remainder when 13081210 is divided by 198?
142
Calculate the remainder when 5122010 is divided by 228.
218
Calculate the remainder when 3389442 is divided by 293.
18
Calculate the remainder when 13953873 is divided by 107.
3
Calculate the remainder when 60926345 is divided by 16.
9
Calculate the remainder when 551178 is divided by 18365.
228
Calculate the remainder when 622562 is divided by 134.
132
What is the remainder when 216508315 is divided by 987?
982
What is the remainder when 72668497 is divided by 10?
7
Calculate the remainder when 32287934 is divided by 8.
6
What is the remainder when 26997354 is divided by 3?
0
What is the remainder when 5459169 is divided by 6499?
9
What is the remainder when 166998 is divided by 200?
198
What is the remainder when 33022020 is divided by 9?
3
Calculate the remainder when 2185653 is divided by 1462.
1425
Calculate the remainder when 70638 is divided by 11425.
2088
Calculate the remainder when 6229369 is divided by 373.
269
What is the remainder when 3719126 is divided by 420?
26
Calculate the remainder when 324361 is divided by 5787.
289
Calculate the remainder when 10422672 is divided by 16.
0
Calculate the remainder when 76818462 is divided by 1287.
6
What is the remainder when 458912 is divided by 2041?
1728
Calculate the remainder when 65678367 is divided by 16.
15
What is the remainder when 3613447 is divided by 15058?
14585
Calculate the remainder when 722908183 is divided by 5812.
5811
Calculate the remainder when 161718 is divided by 22.
18
Calculate the remainder when 10751159 is divided by 10751144.
15
What is the remainder when 10823960 is divided by 31?
0
Calculate the remainder when 216641 is divided by 10251.
1370
What is the remainder when 3103079 is divided by 76?
75
What is the remainder when 4026712 is divided by 4026612?
100
Calculate the remainder when 1869604 is divided by 56652.
88
What is the remainder when 4842608 is divided by 94?
10
Calculate the remainder when 42513437 is divided by 1590.
17
Calculate the remainder when 2390622 is divided by 1715.
1627
What is the remainder when 3865622 is divided by 1932770?
82
Calculate the remainder when 188246346 is divided by 201.
198
Calculate the remainder when 42238 is divided by 19806.
2626
What is the remainder when 212964 is divided by 780?
24
What is the remainder when 256710 is divided by 227?
200
Calculate the remainder when 474809 is divided by 158227.
128
What is the remainder when 7147502 is divided by 686?
68
What is the remainder when 10516769 is divided by 54?
53
What is the remainder when 857606 is divided by 879?
581
What is the remainder when 1324323 is divided by 1323988?
335
Calculate the remainder when 87759891 is divided by 2531.
2528
Calculate the remainder when 21979 is divided by 874.
129
Calculate the remainder when 140820117 is divided by 2835.
2832
What is the remainder when 2593874 is divided by 864615?
29
What is the remainder when 323732 is divided by 1049?
640
What is the remainder when 540845 is divided by 1?
0
What is the remainder when 4080541 is divided by 685?
681
What is the remainder when 1400349 is divided by 759?
753
What is the remainder when 117525 is divided by 4028?
713
Calculate the remainder when 4937451 is divided by 1663.
4
Calculate the remainder when 1187464 is divided by 178.
26
Calculate the remainder when 379264 is divided by 125382.
3118
Calculate the remainder when 1554747 is divided by 235.
222
What is the remainder when 33905 is divided by 936?
209
Calculate the remainder when 3933 is divided by 244.
29
Calculate the remainder when 671767 is divided by 39502.
233
What is the remainder when 15858913 is divided by 5286289?
46
Calculate the remainder when 131110 is divided by 65356.
398
What is the remainder when 10893782 is divided by 132851?
0
Calculate the remainder when 7436473 is divided by 1035.
1033
Calculate the remainder when 2384384 is divided by 456.
416
What is the remainder when 746945 is divided by 3263?
2981
What is the remainder when 69086 is divided by 34358?
370
What is the remainder when 8604271 is divided by 74?
69
What is the remainder when 5246890 is divided by 1311722?
2
What is the remainder when 479752528 is divided by 30?
28
Calculate the remainder when 2078066 is divided by 23.
16
What is the remainder when 11512112 is divided by 5382?
14
What is the remainder when 547821 is divided by 26085?
36
Calculate the remainder when 16294558 is divided by 157.
156
Calculate the remainder when 8373 is divided by 2720.
213
Calculate the remainder when 1480439 is divided by 260.
259
What is the remainder when 26392748 is divided by 1552514?
10
Calculate the remainder when 142263684 is divided by 1394742.
0
What is the remainder when 31538090 is divided by 119?
115
Calculate the remainder when 28266 is divided by 1662.
12
Calculate the remainder when 141106 is divided by 2662.
20
What is the remainder when 9564197 is divided by 340?
337
Calculate the remainder when 81105 is divided by 302.
169
What is the remainder when 234146 is divided by 46772?
286
Calculate the remainder when 9543117 is divided